{"id":627,"date":"2022-07-08T13:47:04","date_gmt":"2022-07-08T13:47:04","guid":{"rendered":"https:\/\/demo.creativethemes.com\/elementor\/cleaning-service\/?page_id=627"},"modified":"2023-02-05T17:45:14","modified_gmt":"2023-02-05T17:45:14","slug":"home","status":"publish","type":"page","link":"https:\/\/tom-tom.hr\/","title":{"rendered":"Home"},"content":{"rendered":"\n<p>Dobro do\u0161li na na\u0161e web stranice! U sljede\u0107ih nekoliko klikova upoznat \u0107e te tko smo mi, \u010dime se bavimo i \u0161to Vam mo\u017eemo ponuditi.<\/p>\n\n\n\n<p>Radujemo se Va\u0161oj posjeti!<\/p>\n\n\n\n<p>      <strong> Tomislav Ivanjko <\/strong><br>(vlasnik obrta Tom Tom )<\/p>\n","protected":false},"excerpt":{"rendered":"<p>Dobro do\u0161li na na\u0161e web stranice! U sljede\u0107ih nekoliko klikova upoznat \u0107e te tko smo mi, \u010dime se bavimo i \u0161to Vam mo\u017eemo ponuditi. Radujemo se Va\u0161oj posjeti! Tomislav Ivanjko (vlasnik obrta Tom Tom )<\/p>\n","protected":false},"author":1,"featured_media":0,"parent":0,"menu_order":0,"comment_status":"closed","ping_status":"closed","template":"","meta":{"footnotes":""},"class_list":["post-627","page","type-page","status-publish","hentry"],"_links":{"self":[{"href":"https:\/\/tom-tom.hr\/index.php\/wp-json\/wp\/v2\/pages\/627","targetHints":{"allow":["GET"]}}],"collection":[{"href":"https:\/\/tom-tom.hr\/index.php\/wp-json\/wp\/v2\/pages"}],"about":[{"href":"https:\/\/tom-tom.hr\/index.php\/wp-json\/wp\/v2\/types\/page"}],"author":[{"embeddable":true,"href":"https:\/\/tom-tom.hr\/index.php\/wp-json\/wp\/v2\/users\/1"}],"replies":[{"embeddable":true,"href":"https:\/\/tom-tom.hr\/index.php\/wp-json\/wp\/v2\/comments?post=627"}],"version-history":[{"count":2,"href":"https:\/\/tom-tom.hr\/index.php\/wp-json\/wp\/v2\/pages\/627\/revisions"}],"predecessor-version":[{"id":1192,"href":"https:\/\/tom-tom.hr\/index.php\/wp-json\/wp\/v2\/pages\/627\/revisions\/1192"}],"wp:attachment":[{"href":"https:\/\/tom-tom.hr\/index.php\/wp-json\/wp\/v2\/media?parent=627"}],"curies":[{"name":"wp","href":"https:\/\/api.w.org\/{rel}","templated":true}]}}